{"id":139,"date":"2025-08-19T10:32:15","date_gmt":"2025-08-19T10:32:15","guid":{"rendered":"https:\/\/hundemolevitten.dk\/?page_id=139"},"modified":"2026-04-11T13:45:13","modified_gmt":"2026-04-11T13:45:13","slug":"molevip-hvalpe","status":"publish","type":"page","link":"http:\/\/hundemolevitten.dk\/index.php\/molevip-hvalpe\/","title":{"rendered":"Hvalpemotivation"},"content":{"rendered":"\n<figure class=\"wp-block-image size-large\"><img loading=\"lazy\" decoding=\"async\" width=\"1024\" height=\"239\" src=\"https:\/\/hundemolevitten.dk\/wp-content\/uploads\/2025\/12\/Kopi-af-Din-afsnitstekst-5-2-1024x239.png\" alt=\"\" class=\"wp-image-276\" srcset=\"http:\/\/hundemolevitten.dk\/wp-content\/uploads\/2025\/12\/Kopi-af-Din-afsnitstekst-5-2-1024x239.png 1024w, http:\/\/hundemolevitten.dk\/wp-content\/uploads\/2025\/12\/Kopi-af-Din-afsnitstekst-5-2-300x70.png 300w, http:\/\/hundemolevitten.dk\/wp-content\/uploads\/2025\/12\/Kopi-af-Din-afsnitstekst-5-2-768x179.png 768w, http:\/\/hundemolevitten.dk\/wp-content\/uploads\/2025\/12\/Kopi-af-Din-afsnitstekst-5-2.png 1366w\" sizes=\"auto, (max-width: 1024px) 100vw, 1024px\" \/><\/figure>\n\n\n\n<p><strong>Hvalpemotivation<\/strong> <strong>&#8211; <\/strong>Mandage<\/p>\n\n\n\n<p><strong>Datoer:<\/strong> 27\/4, 4\/5, 11\/5 og 18\/5<\/p>\n\n\n\n<p><strong>Tidspunkt:<\/strong> 17.00-18.00 (Mandage)<\/p>\n\n\n\n<p><strong>Sted:<\/strong> Valbyparken, K\u00f8benhavn SV<\/p>\n\n\n\n<p><strong>Alder:<\/strong> 8 uger \u2013 5 m\u00e5neder.<\/p>\n\n\n\n<p><strong>Deltagere:<\/strong> Max 5 kursister pr hold<\/p>\n\n\n\n<p><strong>Pris:<\/strong> 950.00 kr.<\/p>\n\n\n\n<p>Dette eksklusive hold er designet til at give dig og din hvalp den bedste start p\u00e5 livet sammen. Med sm\u00e5 holdst\u00f8rrelser, er der god tid og plads til den enkelte kursist og hvalp. Tr\u00e6ningen tilrettel\u00e6gges ud fra hver hvalps og kursists individuelle behov, s\u00e5 I f\u00e5r mest muligt ud af forl\u00f8bet.<\/p>\n\n\n\n<p>Undervisningen bygger p\u00e5 videnskabelige, bel\u00f8nningsbaserede metoder, med respekt for hvalpens trivsel og udvikling. I den praktiske tr\u00e6ning l\u00e6gges der v\u00e6gt p\u00e5 at etablere et solidt tr\u00e6ningsfundament, en dyb forst\u00e5else af hvalpens adf\u00e6rd og et st\u00e6rkt samarbejde mellem hund og ejer.<\/p>\n\n\n\n<p>Tr\u00e6ningen tager udgangspunkt i f\u00f8lgende omr\u00e5der:<\/p>\n\n\n\n<ul class=\"wp-block-list\">\n<li>Samarbejde<\/li>\n\n\n\n<li>Kontakt<\/li>\n\n\n\n<li>H\u00e5ndtering<\/li>\n\n\n\n<li>Indkald<\/li>\n\n\n\n<li>G\u00e5 p\u00e6nt i snor<\/li>\n\n\n\n<li>Ro<\/li>\n\n\n\n<li>Impulskontrol<\/li>\n<\/ul>\n\n\n\n<p>Kurset indeholder desuden materiale med teori f\u00f8r tr\u00e6ningsopstart. Dette materiale omfatter klikkertr\u00e6ning, hundens sprog, det gode samarbejde, tr\u00e6ning i hverdagen, hvalpens hverdag, renlighed m.m.<\/p>\n\n\n\n<p>For tilmelding kan du sende en e-mail (hundemolevitten@gmail.com) eller kontakt mig p\u00e5 mobil (61 27 32 30). Holdpladsen er f\u00f8rst g\u00e6ldende efter bekr\u00e6ftelse p\u00e5 e-mail eller sms.<\/p>\n\n\n\n<p>Hvalpen skal v\u00e6re vaccineret og forsikret inden opstart.<\/p>\n\n\n\n<p>Bem\u00e6rk at tilmelding er bindende og tilbagebetales ikke uanset \u00e5rsag.<\/p>\n\n\n\n<p><\/p>\n","protected":false},"excerpt":{"rendered":"<p>Hvalpemotivation &#8211; Mandage Datoer: 27\/4, 4\/5, 11\/5 og 18\/5 Tidspunkt: 17.00-18.00 (Mandage) Sted: Valbyparken, K\u00f8benhavn SV Alder: 8 uger \u2013 5 m\u00e5neder. Deltagere: Max 5 kursister pr hold Pris: 950.00 &#8230;<\/p>\n","protected":false},"author":1,"featured_media":0,"parent":0,"menu_order":0,"comment_status":"closed","ping_status":"closed","template":"","meta":{"footnotes":""},"class_list":["post-139","page","type-page","status-publish","hentry"],"_links":{"self":[{"href":"http:\/\/hundemolevitten.dk\/index.php\/wp-json\/wp\/v2\/pages\/139","targetHints":{"allow":["GET"]}}],"collection":[{"href":"http:\/\/hundemolevitten.dk\/index.php\/wp-json\/wp\/v2\/pages"}],"about":[{"href":"http:\/\/hundemolevitten.dk\/index.php\/wp-json\/wp\/v2\/types\/page"}],"author":[{"embeddable":true,"href":"http:\/\/hundemolevitten.dk\/index.php\/wp-json\/wp\/v2\/users\/1"}],"replies":[{"embeddable":true,"href":"http:\/\/hundemolevitten.dk\/index.php\/wp-json\/wp\/v2\/comments?post=139"}],"version-history":[{"count":12,"href":"http:\/\/hundemolevitten.dk\/index.php\/wp-json\/wp\/v2\/pages\/139\/revisions"}],"predecessor-version":[{"id":367,"href":"http:\/\/hundemolevitten.dk\/index.php\/wp-json\/wp\/v2\/pages\/139\/revisions\/367"}],"wp:attachment":[{"href":"http:\/\/hundemolevitten.dk\/index.php\/wp-json\/wp\/v2\/media?parent=139"}],"curies":[{"name":"wp","href":"https:\/\/api.w.org\/{rel}","templated":true}]}}