{"id":239,"date":"2025-12-25T12:48:32","date_gmt":"2025-12-25T12:48:32","guid":{"rendered":"https:\/\/hundemolevitten.dk\/?page_id=239"},"modified":"2026-03-06T18:29:32","modified_gmt":"2026-03-06T18:29:32","slug":"enetime","status":"publish","type":"page","link":"http:\/\/hundemolevitten.dk\/index.php\/enetime\/","title":{"rendered":"Enetime"},"content":{"rendered":"\n<figure class=\"wp-block-image size-large\"><img loading=\"lazy\" decoding=\"async\" width=\"1024\" height=\"239\" src=\"https:\/\/hundemolevitten.dk\/wp-content\/uploads\/2025\/12\/Kopi-af-Din-afsnitstekst-5-1024x239.png\" alt=\"\" class=\"wp-image-272\" srcset=\"http:\/\/hundemolevitten.dk\/wp-content\/uploads\/2025\/12\/Kopi-af-Din-afsnitstekst-5-1024x239.png 1024w, http:\/\/hundemolevitten.dk\/wp-content\/uploads\/2025\/12\/Kopi-af-Din-afsnitstekst-5-300x70.png 300w, http:\/\/hundemolevitten.dk\/wp-content\/uploads\/2025\/12\/Kopi-af-Din-afsnitstekst-5-768x179.png 768w, http:\/\/hundemolevitten.dk\/wp-content\/uploads\/2025\/12\/Kopi-af-Din-afsnitstekst-5.png 1366w\" sizes=\"auto, (max-width: 1024px) 100vw, 1024px\" \/><\/figure>\n\n\n\n<p><strong>Enetime<\/strong><\/p>\n\n\n\n<p>En enetime er for dig, der \u00f8nsker m\u00e5lrettet hj\u00e6lp til specifikke tr\u00e6ningsudfordringer eller har s\u00e6rlige \u00f8nsker til tr\u00e6ningen. Her f\u00e5r du fuld opm\u00e6rksomhed, og tr\u00e6ningen tilpasses pr\u00e6cis til dig og din hunds behov. Det kan fx v\u00e6re fokus p\u00e5 indkald, g\u00e5 p\u00e6nt i snor, h\u00e5ndtering, ro-tr\u00e6ning eller andre emner, du \u00f8nsker at arbejde med.<\/p>\n\n\n\n<p>Enetimerne foreg\u00e5r i trygge rammer, enten hjemme hos dig eller p\u00e5 aftalt sted, s\u00e5 b\u00e5de du og din hund f\u00e5r mest muligt ud af forl\u00f8bet. Sammen l\u00e6gger vi en plan, der tager udgangspunkt i jeres hverdag og udfordringer.<\/p>\n\n\n\n<p>Prisen for en enetime er 650 kr. <\/p>\n\n\n\n<p>For booking af enetime kan du sende en e-mail til (<a>hundemolevitten@gmail.com<\/a>) eller kontakte mig p\u00e5 mobil (61 27 32 30).<\/p>\n","protected":false},"excerpt":{"rendered":"<p>Enetime En enetime er for dig, der \u00f8nsker m\u00e5lrettet hj\u00e6lp til specifikke tr\u00e6ningsudfordringer eller har s\u00e6rlige \u00f8nsker til tr\u00e6ningen. Her f\u00e5r du fuld opm\u00e6rksomhed, og tr\u00e6ningen tilpasses pr\u00e6cis til dig &#8230;<\/p>\n","protected":false},"author":1,"featured_media":0,"parent":0,"menu_order":0,"comment_status":"closed","ping_status":"closed","template":"","meta":{"footnotes":""},"class_list":["post-239","page","type-page","status-publish","hentry"],"_links":{"self":[{"href":"http:\/\/hundemolevitten.dk\/index.php\/wp-json\/wp\/v2\/pages\/239","targetHints":{"allow":["GET"]}}],"collection":[{"href":"http:\/\/hundemolevitten.dk\/index.php\/wp-json\/wp\/v2\/pages"}],"about":[{"href":"http:\/\/hundemolevitten.dk\/index.php\/wp-json\/wp\/v2\/types\/page"}],"author":[{"embeddable":true,"href":"http:\/\/hundemolevitten.dk\/index.php\/wp-json\/wp\/v2\/users\/1"}],"replies":[{"embeddable":true,"href":"http:\/\/hundemolevitten.dk\/index.php\/wp-json\/wp\/v2\/comments?post=239"}],"version-history":[{"count":3,"href":"http:\/\/hundemolevitten.dk\/index.php\/wp-json\/wp\/v2\/pages\/239\/revisions"}],"predecessor-version":[{"id":329,"href":"http:\/\/hundemolevitten.dk\/index.php\/wp-json\/wp\/v2\/pages\/239\/revisions\/329"}],"wp:attachment":[{"href":"http:\/\/hundemolevitten.dk\/index.php\/wp-json\/wp\/v2\/media?parent=239"}],"curies":[{"name":"wp","href":"https:\/\/api.w.org\/{rel}","templated":true}]}}